 26. What are the prime factors of ((0 - y) + 1)/i?
11
Suppose 2*f = 5 + 1. Suppose -3*u - 42 = f*t, -u + 2*t - 26 = -0*u. Let h = -11 - u. What are the prime factors of h?
7
Suppose 2*h - 8 = -2*h. Suppose h*i - 2*u = 0, -3*i + 7*i + 2*u = 6. Let d(z) = 10*z**2 - 2*z + 1. List the prime factors of d(i).
3
Suppose -4*m - 3*c + 17 = 0, 0 = -3*m - 3*c + 15 - 3. What are the prime factors of m?
5
Let m(k) = 6*k**3 + 3*k - 8*k**3 - 2*k**3 + 3*k**2. List the prime factors of m(-2).
2, 19
Let g = 6 - 6. Suppose 27 = 4*t + 5*k - 34, -3*t - k + 43 = g. Suppose -3*w - 2*r + 25 = 0, 2*w + 3*r - 11 = t. List the prime factors of w.
5
Suppose 0 = -2*w + 5*h + 7 + 18, 16 = 5*w + 3*h. Suppose -w*r = c - 69, -3*r + 1 = -5. List the prime factors of 2/(-3) + c/3.
19
Let s(g) = 2*g**2 + 3*g + 2. Let v be 2/2*-1*-18. Let o be (24/v)/((-4)/6). List the prime factors of s(o).
2
Suppose -4*b = -0*b - 136. List the prime factors of b.
2, 17
Let f be (-1 - -3)*(-14)/4. Let p(j) = 7*j + 2. Let x(h) = -6*h - 1. Let k(r) = 4*p(r) + 5*x(r). List the prime factors of k(f).
17
Suppose -4*k + 1 = -3. Let x be (-2 - -5)*k - -35. Suppose -5*z + x = -7. What are the prime factors of z?
3
Suppose 3*s + 17 = 53. Suppose 4*f - 68 = -s. List the prime factors of f.
2, 7
Let o(z) = z**2 - 10*z + 11. Let q be o(9). Suppose 70 = -7*n + q*n. Let j = n + 25. What are the prime factors of j?
11
Let s = -51 - -54. What are the prime factors of s?
3
Let u = 58 + -36. List the prime factors of u.
2, 11
Let c(j) = -14*j + 2. Let w be c(-2). Suppose -30 = -5*p + w. What are the prime factors of p?
2, 3
Let v = -3 + 2. Let f(b) = -4*b**2 - b - 1. Let q be f(v). What are the prime factors of 40/15 + q/6?
2
Suppose 10 = 5*y - 0*y. Suppose -5*z = 8 + 7, y*j - 5*z = 33. What are the prime factors of j?
3
Suppose 8 = 2*z - z. What are the prime factors of z?
2
Suppose -57 = -5*o + 78. Suppose 0 = -5*l + o + 143. What are the prime factors of l?
2, 17
Let s = 0 - 0. Suppose -4*l - l - 34 = -3*h, s = -2*l + 2*h - 12. List the prime factors of (-6)/(-4) + (-4)/l.
2
Let z(w) = w**2 - 9*w + 1. Suppose 3*g - 2*b = -20, 5*g = -b - 17 - 25. Let s = g + 18. List the prime factors of z(s).
11
Let c = -66 + 115. What are the prime factors of c?
7
Suppose -c - 4*b = -2*b - 10, 4*c + 15 = 3*b. Suppose 0 = -c*k - 5*k - 80. What are the prime factors of (k/20)/((-1)/10)?
2
Let d = 326 - 74. List the prime factors of d.
2, 3, 7
Let k be 7 - (-1 + 0 + 2). Let z(j) = -j**2 + 10*j - 7. List the prime factors of z(k).
17
Let p = -6 + 77. List the prime factors of p.
71
Let q(r) = -r**3 + 12*r**2 + 5. What are the prime factors of q(12)?
5
Let m(q) = -q**2 - 8*q - 9. Let f be m(-6). Let d be 1 + 2/6*f. Suppose 0 = -4*z - d*o + 18, 3*o + o - 12 = 4*z. What are the prime factors of z?
2
Let g(t) = t**2 + 5*t - 2. Let f be g(-5). What are the prime factors of ((-9)/(-5))/(f/(-10))?
3
Let x(o) = o**2 + 8*o - 2. Let y be x(-10). Let j = 39 - y. List the prime factors of j.
3, 7
Suppose w + 8 = -3. Let x(g) = g**2 + 10*g - 9. What are the prime factors of x(w)?
2
Let t(k) = -k**2 + 10*k - 1. List the prime factors of t(8).
3, 5
Let o be (-18)/(-8) + (-2)/8. Suppose -4*t + 2 = -o*t. List the prime factors of 3 - (0/t)/2.
3
Let k(h) = h**3 + 6*h**2 - 7*h - 5. List the prime factors of k(-6).
37
Suppose 3*u - 3 = 3*o, 0 = u - 3*o + 3. What are the prime factors of u?
3
Let d(r) = r**3 + r**2 - r + 1. Let j(o) = 4*o**3 + 3*o**2 - 8*o + 6. Let q(i) = -6*d(i) + j(i). What are the prime factors of q(-2)?
2
Suppose 0 = -11*d + 12*d - 22. Suppose -x + 3*g + d = -g, -4*g = -12. List the prime factors of x.
2, 17
Suppose 2*i - 23 = -5*u, -5*u - 7 = -2. What are the prime factors of i?
2, 7
Let q = 42 + -12. What are the prime factors of q?
2, 3, 5
Suppose 16 - 140 = -g. List the prime factors of g.
2, 31
Let m(i) = 2 + 4*i - 1 + 0*i. List the prime factors of m(1).
5
Suppose m - 2*g - 2*g - 4 = 0, 2*g + 12 = 3*m. Suppose -5*d = 5*i - 85, 5*i + 6*d - m*d - 73 = 0. What are the prime factors of i?
13
Suppose 3*z - 5*n + 9 = -2*n, 0 = 5*z - 3*n + 15. What are the prime factors of (10/(-6) - -1)*z?
2
Let f(u) be the second derivative of 2*u**3 + 0 - 2*u + 2*u**2 - 1/12*u**4. List the prime factors of f(12).
2
Suppose -2*s = 3*w - 25, 3*s - 2*w = -2*s + 72. What are the prime factors of s?
2, 7
Let i be 9/(-27) + (-14)/(-6). What are the prime factors of (-2)/4*i*-16?
2
Let s(n) = -2*n + 3. Let o be s(3). Let f = 2 - o. List the prime factors of f.
5
Let o(h) = -3*h**2 - 14*h - 9. Let f(x) = -4*x**2 - 21*x - 14. Let v(y) = -5*f(y) + 7*o(y). Let s be v(8). List the prime factors of 3 - (-12)/(3 + s).
3
Let t(y) = y. Let o be t(0). Suppose -h = -o*h - 12. List the prime factors of h.
2, 3
Let l = -12 + 22. What are the prime factors of l?
2, 5
Suppose -2*o = -d - 3*d + 254, 0 = 3*d + o - 198. List the prime factors of d.
5, 13
Let q(n) = -n**3 - 5*n**2 + 6*n + 4. Let s be q(-6). Suppose h + l - 3 = -l, h + 1 = -s*l. Let p(j) = j**2 - 6*j + 4. What are the prime factors of p(h)?
11
Let a be -3*4/(0 + -2). Let p = a + -4. Suppose -2*y - p*y + 28 = 0. List the prime factors of y.
7
Let r(c) = c**2 + 2*c - 16. List the prime factors of r(-9).
47
Suppose h = -h + 18. List the prime factors of h.
3
Let z be (-11)/(-3) + (-2)/(-6). Suppose -35 = z*n + 13. List the prime factors of 4/n + (-50)/(-6).
2
Let j(o) = o**3 + 5*o**2 - 4*o + 2. Let z be j(-6). Let f = z + 23. What are the prime factors of f?
13
Let c(z) be the third derivative of -z**5/60 + 13*z**4/24 - 5*z**3/6 - z**2. What are the prime factors of c(11)?
17
List the prime factors of (20/(-12) + -2)/(1/(-42)).
2, 7, 11
Let z = 24 + -11. Let f = -3 - z. Let y = -5 - f. List the prime factors of y.
11
Let q(t) = t**2 - 4*t + 5. Let u be q(4). Suppose n + y + 3*y = 46, y - 135 = -u*n. List the prime factors of n.
2, 13
Let l be (-8)/12 - 4/(-6). Suppose l*s = -s + 1. List the prime factors of (-15)/(s/2 - 2).
2, 5
Let a be ((-6)/9)/(6/(-45)). Let d(k) = 7 + 2*k + 3*k - 3*k. List the prime factors of d(a).
17
Let p(v) = -2*v - 3. Let z be 3 + -4 - 2*1. Let x be p(z). List the prime factors of (-11)/(-3) - (-1)/x.
2
Let s(m) = m**3 - 9*m**2 + 12*m - 3. Suppose v + 35 = 5*z, 75 = 3*z + 5*v + 26. List the prime factors of s(z).
29
Let d(b) = -b**3 + 14*b**2 + 39*b - 8. List the prime factors of d(16).
2, 13
Let m(i) = -3*i - 11. Let c(s) = s + 6. Let z(w) = 5*c(w) + 2*m(w). What are the prime factors of z(-8)?
2
Let x(o) = -7*o - 1. Suppose -2*i - 4*b = -3*i + 18, -5*i + 15 = -5*b. What are the prime factors of x(i)?
13
Let c = -6 - -9. Suppose -m + 2*q + 18 = 0, 2*m = c*m + 4*q. List the prime factors of m.
2, 3
Let k be 5*(0 - 1 - 0). Let f = 6 + k. Suppose i - 4*z + f + 2 = 0, -z = 3*i - 17. List the prime factors of i.
5
Suppose -3*x = -0*x - 3*s - 27, -4*s = -x + 6. Let i = 16 - x. Suppose -2*r + r = -i. What are the prime factors of r?
2, 3
Let f = 24 - 19. List the prime factors of ((-14)/(-6))/(f/15).
7
Suppose 5 = 2*s - 1. Suppose -12 = -2*u + k, -u - s*k = -8*k - 24. Suppose q - 2*v = -q + u, 5*v = 20. List the prime factors of q.
2, 3
Let q(i) = -i**2 + 13*i - 6. List the prime factors of q(11).
2
Let u(l) = 3*l**2 - 10*l + 17. List the prime factors of u(5).
2, 3, 7
Let b(p) = -p**3 - p**2 + 3*p + 2. Let x be b(-2). Suppose x*c = -5*c + 265. What are the prime factors of c?
53
List the prime factors of (0 - -1)/(12/696).
2, 29
Let p = 4 + -10. Let v be (1 - p)*12/7. What are the prime factors of 4/v + 35/3?
2, 3
Let n = 10 - 7. Let h(o) = n*o + 8 - 1 - 5. List the prime factors of h(6).
2, 5
Suppose 0 = 11*a - 7*a - 164. What are the prime factors of a?
41
Let d = 3 - 2. Suppose -2 - d = -q. Suppose 0 = 3*l + x + q*x - 41, 4*l + x - 72 = 0. List the prime factors of l.
19
Suppose 32 = 3*i - 13. Suppose -6*w + i = -w. Suppose k = w*k - 24. What are the prime factors of k?
2, 3
Suppose -5*q + 8 + 9 = -w, -2*q - 4*w + 20 = 0. List the prime factors of q.
2
Let r be 2/(-6)*0 - 0. Let a = 5 + r. Suppose a = 3*b - 10. What are the prime factors of b?
5
Let v(q) = 3*q + 1. Let m = 6 + -2. List the prime factors of v(m).
13
Let w(j) = -j**3 + 8*j**2 + 3*j - 8. Suppose 3 = -2*t + 3*t. Suppose 0 = v - 5 - t. What are the prime factors of w(v)?
2
Let o be 8 + (3/(-1))/(-3). Suppose s + 10 